hen 1015488 is divided by 447?
351
What is the remainder when 125528 is divided by 6276?
8
What is the remainder when 744706 is divided by 636?
586
What is the remainder when 539615 is divided by 269752?
111
Calculate the remainder when 6890951 is divided by 3445428.
95
What is the remainder when 252657 is divided by 83987?
696
What is the remainder when 4242337 is divided by 2121046?
245
What is the remainder when 71230207 is divided by 20?
7
What is the remainder when 69312235 is divided by 1027?
5
What is the remainder when 312736 is divided by 7?
4
What is the remainder when 253338 is divided by 84316?
390
Calculate the remainder when 105132 is divided by 2721.
1734
What is the remainder when 5440836 is divided by 198?
192
What is the remainder when 85207866 is divided by 4?
2
Calculate the remainder when 8163997 is divided by 40.
37
Calculate the remainder when 244657 is divided by 244609.
48
Calculate the remainder when 1875656 is divided by 3120.
536
Calculate the remainder when 778205623 is divided by 2252.
2251
What is the remainder when 28825724 is divided by 96?
92
What is the remainder when 841188 is divided by 1206?
606
What is the remainder when 181743 is divided by 1553?
42
Calculate the remainder when 320556 is divided by 1795.
1046
What is the remainder when 1546307 is divided by 531?
35
What is the remainder when 1157076 is divided by 14?
4
What is the remainder when 651217 is divided by 646?
49
What is the remainder when 264288 is divided by 38?
36
What is the remainder when 14923993 is divided by 34387?
35
What is the remainder when 1135411 is divided by 188954?
1687
What is the remainder when 11488751 is divided by 176?
175
What is the remainder when 32107321 is divided by 68?
33
What is the remainder when 8209479 is divided by 8209452?
27
Calculate the remainder when 16101591 is divided by 254.
23
What is the remainder when 2850243 is divided by 332?
23
What is the remainder when 4608730 is divided by 1536206?
112
What is the remainder when 144151 is divided by 72062?
27
What is the remainder when 2539102 is divided by 119?
118
What is the remainder when 204672 is divided by 51154?
56
Calculate the remainder when 94462 is divided by 2106.
1798
What is the remainder when 2236458 is divided by 279556?
10
What is the remainder when 19602435 is divided by 933448?
27
Calculate the remainder when 647461 is divided by 19554.
2179
What is the remainder when 87984 is divided by 2456?
2024
Calculate the remainder when 817143 is divided by 3836.
75
What is the remainder when 565112 is divided by 141278?
0
Calculate the remainder when 65687490 is divided by 1886.
1882
What is the remainder when 262967 is divided by 1003?
181
What is the remainder when 724487 is divided by 315?
302
Calculate the remainder when 1420207 is divided by 354910.
567
What is the remainder when 2929274 is divided by 28?
26
What is the remainder when 159703123 is divided by 39?
34
What is the remainder when 2286967 is divided by 262?
231
What is the remainder when 110613467 is divided by 1755769?
20
Calculate the remainder when 54413194 is divided by 4571.
10
Calculate the remainder when 155531 is divided by 51829.
44
Calculate the remainder when 333204 is divided by 41650.
4
Calculate the remainder when 334669319 is divided by 3313.
3311
What is the remainder when 108687 is divided by 4913?
601
Calculate the remainder when 38950554 is divided by 70.
34
Calculate the remainder when 500633 is divided by 500632.
1
What is the remainder when 2153030 is divided by 107637?
290
What is the remainder when 15577 is divided by 2595?
7
What is the remainder when 1182523 is divided by 44?
23
Calculate the remainder when 252771 is divided by 43.
17
Calculate the remainder when 2455093 is divided by 6.
1
Calculate the remainder when 274949 is divided by 2167.
1907
Calculate the remainder when 5304971 is divided by 1354.
1353
What is the remainder when 286382865 is divided by 31?
29
Calculate the remainder when 13384044 is divided by 3480.
3444
What is the remainder when 207926 is divided by 1351?
1223
Calculate the remainder when 280854 is divided by 302.
296
What is the remainder when 53270 is divided by 5205?
1220
What is the remainder when 916328 is divided by 63?
56
What is the remainder when 245467 is divided by 301?
152
Calculate the remainder when 1437216 is divided by 37.
25
Calculate the remainder when 33692164 is divided by 619.
613
What is the remainder when 5638810 is divided by 246?
244
Calculate the remainder when 3348887 is divided by 65663.
74
Calculate the remainder when 319629 is divided by 106158.
1155
What is the remainder when 191892 is divided by 322?
302
What is the remainder when 888046 is divided by 1140?
1126
What is the remainder when 74825 is divided by 6234?
17
Calculate the remainder when 1818560 is divided by 4620.
2900
Calculate the remainder when 3722273 is divided by 243.
242
Calculate the remainder when 27981738 is divided by 4663619.
24
Calculate the remainder when 1432228 is divided by 15400.
28
What is the remainder when 3428991 is divided by 224?
223
What is the remainder when 2282208584 is divided by 83?
80
Calculate the remainder when 66872 is divided by 662.
10
Calculate the remainder when 233310 is divided by 116335.
640
What is the remainder when 71893 is divided by 23099?
2596
Calculate the remainder when 21960 is divided by 1809.
252
What is the remainder when 28803906 is divided by 142?
58
Calculate the remainder when 169648 is divided by 873.
286
What is the remainder when 1793470 is divided by 256209?
7
What is the remainder when 60721 is divided by 36?
25
What is the remainder when 1661493 is divided by 5081?
6
What is the remainder when 18476591 is divided by 3153?
11
Calculate the remainder when 992660 is divided by 15503.
468
What is the remainder when 218739 is divided by 11490?
429
What is the remainder when 288461 is divided by 916?
837
What is the remainder when 54105 is divided by 4394?
1377
Calculate the remainder when 16975654 is divided by 4174.
4170
What is the remainder when 42740 is divided by 41493?
1247
What is the remainder when 252709 is divided by 9359?
16
Calculate the remainder when 48990814 is divided by 5265.
5254
What is the remainder when 109405835 is divided by 90?
35
Calculate the remainder when 24484374 is divided by 28.
26
What is the remainder when 66175 is divided by 2164?
1255
Calculate the remainder when 1339272 is divided by 10042.
3686
Calculate the remainder when 1986380 is divided by 17735.
60
What is the remainder when 102525 is divided by 11356?
321
Calculate the remainder when 956568 is divided by 135869.
5485
What is the remainder when 1548460 is divided by 2795?
30
What is the remainder when 159782 is divided by 1265?
392
Calculate the remainder when 988617 is divided by 247151.
13
Calculate the remainder when 39800 is divided by 2999.
813
Calculate the remainder when 6492862 is divided by 2275.
12
What is the remainder when 1149084 is divided by 71?
20
What is the remainder when 26590 is divided by 106?
90
Calculate the remainder when 892540 is divided by 47.
10
What is the remainder when 1259690 is divided by 2818?
44
What is the remainder when 4414923 is divided by 558?
27
Calculate the remainder when 385939 is divided by 1104.
643
What is the remainder when 2505656 is divided by 69601?
20
Calculate the remainder when 17036 is divided by 428.
344
What is the remainder when 47444403 is divided by 38?
35
What is the remainder when 46416 is divided by 860?
836
Calculate the remainder when 1567700 is divided by 130574.
812
Calculate the remainder when 255566 is divided by 827.
23
What is the remainder when 3446583 is divided by 103?
100
What is the remainder when 121645 is divided by 20155?
715
Calculate the remainder when 54323 is divided by 578.
569
What is the remainder when 1495248 is divided by 29?
8
Calculate the remainder when 2512204 is divided by 397.
385
Calculate the remainder when 100810099 is divided by 416.
403
Calculate the remainder when 4012171 is divided by 9287.
187
Calculate the remainder when 40564931 is divided by 6952.
11
What is the remainder when 590938151 is divided by 21?
20
Calculate the remainder when 1461760383 is divided by 2702.
2701
What is the r